{"id":30,"date":"2017-06-07T11:42:17","date_gmt":"2017-06-07T11:42:17","guid":{"rendered":"http:\/\/kastrati-galabau.de\/?page_id=30"},"modified":"2017-07-03T09:53:07","modified_gmt":"2017-07-03T09:53:07","slug":"ueber-uns","status":"publish","type":"page","link":"https:\/\/kastrati-galabau.de\/?page_id=30","title":{"rendered":"\u00dcber Uns"},"content":{"rendered":"<p>Unser Unternehmen wurde im Jahr 2010\u00a0von Arsim Kastrati\u00a0aus der Begeisterung und Leidenschaft an der Arbeit mit Stein und der Natur gegr\u00fcndet. Mit unseren erfahrenen Mitarbeitern und Jahre lange Erfahrung in diesem Bereich m\u00f6chten wir ihnen geren unsere fachliche und qualitative F\u00e4higkeiten beweisen.<\/p>\n<p>Eine optimale L\u00f6sung auch in schwierigen Situationen beweist unsere ST\u00c4RKE.<\/p>\n","protected":false},"excerpt":{"rendered":"<p>Unser Unternehmen wurde im Jahr 2010\u00a0von Arsim Kastrati\u00a0aus der Begeisterung und Leidenschaft an der Arbeit mit Stein und der Natur gegr\u00fcndet. Mit unseren erfahrenen Mitarbeitern und Jahre lange Erfahrung in diesem Bereich m\u00f6chten wir ihnen geren unsere fachliche und qualitative F\u00e4higkeiten beweisen. Eine optimale L\u00f6sung auch in schwierigen Situationen beweist unsere ST\u00c4RKE.<\/p>\n","protected":false},"author":1,"featured_media":0,"parent":0,"menu_order":0,"comment_status":"closed","ping_status":"closed","template":"","meta":[],"aioseo_notices":[],"_links":{"self":[{"href":"https:\/\/kastrati-galabau.de\/index.php?rest_route=\/wp\/v2\/pages\/30"}],"collection":[{"href":"https:\/\/kastrati-galabau.de\/index.php?rest_route=\/wp\/v2\/pages"}],"about":[{"href":"https:\/\/kastrati-galabau.de\/index.php?rest_route=\/wp\/v2\/types\/page"}],"author":[{"embeddable":true,"href":"https:\/\/kastrati-galabau.de\/index.php?rest_route=\/wp\/v2\/users\/1"}],"replies":[{"embeddable":true,"href":"https:\/\/kastrati-galabau.de\/index.php?rest_route=%2Fwp%2Fv2%2Fcomments&post=30"}],"version-history":[{"count":4,"href":"https:\/\/kastrati-galabau.de\/index.php?rest_route=\/wp\/v2\/pages\/30\/revisions"}],"predecessor-version":[{"id":141,"href":"https:\/\/kastrati-galabau.de\/index.php?rest_route=\/wp\/v2\/pages\/30\/revisions\/141"}],"wp:attachment":[{"href":"https:\/\/kastrati-galabau.de\/index.php?rest_route=%2Fwp%2Fv2%2Fmedia&parent=30"}],"curies":[{"name":"wp","href":"https:\/\/api.w.org\/{rel}","templated":true}]}}